 divided by (16/(-6))/((-2)/15)?
17
Suppose 0 = -3*y + 15 - 6. Suppose y*f - 3*p = 87, -4*f + p = 4*p - 123. What is the remainder when f is divided by 8?
6
Suppose 2*k - t - 8 = -0*t, -5*k = 5*t - 35. Let h(a) = 2*a - 9. What is the remainder when k is divided by h(6)?
2
Let y(a) = -a**2 - 11*a + 21. Let z(l) = 8*l + 1. Calculate the remainder when z(2) is divided by y(-12).
8
Suppose 2*s - 5*s = -u - 169, -5*s + 305 = 3*u. Suppose -18 + s = 5*b. What is the remainder when 31 is divided by b?
7
Suppose 11*c - 60 = c. Calculate the remainder when 9 is divided by c.
3
Let o(s) = 3*s**2 - 6*s - 8. Let x(q) = 6*q**2 - 13*q - 17. Let c(i) = 13*o(i) - 6*x(i). What is the remainder when 19 is divided by c(-2)?
9
Let f(h) = h**2 + h - 8. What is the remainder when 46 is divided by f(-5)?
10
Let p = -152 - -105. Let f = 66 + p. What is the remainder when 73 is divided by f?
16
Let l(w) = w**3 - 12*w**2 - 27*w - 10. What is the remainder when 9 is divided by l(14)?
1
Let k(o) = -o**2 + 6*o - 6. Let u be k(4). Suppose 2*r - 40 = -0*r + u*d, -2*r - 5*d + 26 = 0. Calculate the remainder when 70 is divided by r.
16
Let u = 55 + -26. What is the remainder when u is divided by 15?
14
Let g(m) = -m**3 + 2*m**2 - 2*m - 1. Let p = -8 + 6. What is the remainder when g(p) is divided by 10?
9
Let r = 178 - 117. Suppose r = 3*a + 19. Let h = 7 - -20. What is the remainder when h is divided by a?
13
Suppose -67 - 77 = -3*m. What is the remainder when m is divided by 13?
9
Suppose -2*z + 3 = -5. Let v be 4/z - (1 + -4). Suppose 3*x = -2*s + 11, -3*s + s + 12 = v*x. What is the remainder when 7 is divided by s?
3
Suppose 7*q - q = 126. Calculate the remainder when 244/3 - (-2)/(-6) is divided by q.
18
Suppose -3*w + 5*t = w + 12, -w = -3*t + 10. Let f = 1 + w. Suppose f*p - 2*p = 37. Calculate the remainder when p is divided by 10.
7
Let c be 3 + (-4 + 2 - -63). Let l = 106 - c. Calculate the remainder when l is divided by 11.
9
Let o be -3 - 0 - (-5 - -3). Let h(i) = 41*i**2 + 3*i + 1. Calculate the remainder when h(o) is divided by 21.
18
Let r(u) = u**3 - 11*u**2 - 25*u + 14. Calculate the remainder when 214 is divided by r(13).
25
Let y(k) = -k**2 + 3*k + 4. Let b be y(4). Suppose -s + 44 + 23 = b. Calculate the remainder when s is divided by 17.
16
Let c(t) = t**3 - 4*t**2 + 6*t - 14. What is the remainder when 17 is divided by c(4)?
7
Let x = 13 - 8. Suppose 2*a = -4*d + 12, 0 = 2*a - d - 12 - x. What is the remainder when (102/24)/(1/a) is divided by 18?
16
Let j = 29 - 27. What is the remainder when 9 is divided by j?
1
Suppose 3*k - 10 = 2*i - 55, -4*i = -3*k - 75. Let y(b) = b**2 - 7*b + 7. Let z be y(7). Let s(x) = x + 1. Calculate the remainder when i is divided by s(z).
7
Suppose 4*t = 8, -2*r = -0*t - t - 50. Calculate the remainder when r is divided by 7.
5
Let x = -15 + 8. Let j(y) = -2*y - 4. Calculate the remainder when 29 is divided by j(x).
9
Let s(c) = c**2 - 16*c + 35. Calculate the remainder when 39 is divided by s(15).
19
Suppose -5*r - 7 = -i, -2*i - 3*r + 2*r = -3. Suppose f = 3*k - 38, -i*k - f - 1 = -18. What is the remainder when 32 is divided by k?
10
Suppose 0 = -3*c - 5*p + 72, -4*c + p = -85 + 12. Suppose 10 = 2*o - 5*y - 0*y, -y = 3*o - 32. What is the remainder when c is divided by o?
9
Let w(p) = -p + 1. Suppose 2*x - 6 = 0, 2*x + 16 = -5*l - 8. Let z(a) = a**2 + 5*a + 4. Calculate the remainder when z(l) is divided by w(-3).
2
Suppose -3*p + 176 = 4*i, 2*p + 5*i - 83 - 39 = 0. What is the remainder when p is divided by 19?
18
Suppose 2 = -3*i - 7. Let t(p) = p**2 + 4*p + 4. Let y be t(i). What is the remainder when (2/(-4))/(y/(-92)) is divided by 16?
14
Let c be 72/8 - (-1 + -2). Suppose -2*i + i - 3*t - c = 0, 5*t = 3*i - 34. Calculate the remainder when 13 is divided by i.
1
Suppose -11*f + 40 = -9*f. What is the remainder when f is divided by 8?
4
Suppose -5*u - 12 = -47. Let r(k) = k**3 - 7*k**2 + 10*k - 2. Let s be r(7). Suppose -5*a + 57 = -s. Calculate the remainder when a is divided by u.
4
Suppose 0*o = 4*g - 3*o - 72, 2*o = 0. Suppose 6 = 2*i - g. Calculate the remainder when 45 is divided by i.
9
Suppose 5*c - 20 = -5*l - 0, 5*c - 18 = -3*l. Suppose 4*t = c*z + 2*z - 60, -3*t = -4*z + 48. Calculate the remainder when z is divided by 5.
2
Let s = -46 - -58. Calculate the remainder when 34 is divided by s.
10
Let h(v) = -601*v**3 - 1. Let m be h(1). Let g = m + 863. What is the remainder when 2/(-7) - g/(-7) is divided by 13?
11
Suppose -3*r + 48 = -0*r. What is the remainder when 29 is divided by r?
13
Let i = 0 + 13. What is the remainder when 38 is divided by i?
12
Let a(m) = -5*m**3 + 1. Let s be a(-1). Suppose 2*h = s*h - 24. Calculate the remainder when h is divided by 4.
2
Let f = 13 + -5. Let n(k) be the third derivative of -5*k**4/8 + k**2. Calculate the remainder when n(-1) is divided by f.
7
Let y(q) = 21*q**2 + 2*q + 1. Let c = -1 + 0. Suppose 0 = 2*r + 4*w + 1 - 3, 0 = -4*r + w + 49. Calculate the remainder when y(c) is divided by r.
9
Suppose -110 + 5 = -5*o. Suppose 4*y = -4*z + 28, y = -y + 5*z + 7. Calculate the remainder when o is divided by y.
3
Let j(f) = 2*f**2 - f + 1. Let t(o) = -o + 9. Let d be t(11). What is the remainder when 42 is divided by j(d)?
9
Suppose -5 - 15 = -2*l. Let f = 25 - l. Calculate the remainder when 44 is divided by f.
14
Let o = 73 + -39. What is the remainder when o is divided by 18?
16
Suppose 2*b - 25 = -6*t + 5*t, -5*t - 3*b = -125. Suppose -2*g = t - 81. Suppose -5*y = -112 - g. What is the remainder when y is divided by 10?
8
Let r(s) = -s**3 - 9*s**2 - 9*s - 6. Let g be r(-8). Suppose 3*x = g*f + 2*f - 24, -5*x = -2*f + 26. What is the remainder when f is divided by 2?
1
Suppose -4*k - 5*y = -89, -3*y = k - 8*y - 16. Suppose 74 = b - 0*b + 3*c, -314 = -5*b - c. Calculate the remainder when b is divided by k.
20
Let j be (-13)/(-4) + 3/(-12). Let m(i) = i**2 + 4*i - 1. Let g = -3 + 10. Calculate the remainder when m(j) is divided by g.
6
Let a(w) = -4*w**3 + 4*w**2 + w. Let f be a(-3). Let o = f + -83. What is the remainder when o is divided by 15?
13
Let h be 17 + -16 + (0 - -1). Let k = -5 + 9. Suppose h*l - k = 6. Calculate the remainder when 13 is divided by l.
3
Let l(c) = -1 - c + 12*c**2 + 21*c**2 - 4*c**2. Let y = -17 + 16. What is the remainder when l(y) is divided by 10?
9
Suppose 5*p - 4*p = 11. Let b(i) = -i**2 + 10*i + 1. Let s be b(10). What is the remainder when (s/(-2))/((-1)/84) is divided by p?
9
Let n = 44 - -8. Calculate the remainder when 362 is divided by n.
50
Suppose 4*g - 126 = -0*r + 3*r, g - 37 = -2*r. Calculate the remainder when 96 is divided by g.
30
Let m(p) = 4*p**3 - 2*p**2 + 1. Let g be m(1). Suppose 168 = g*c - 3*b, -469 + 187 = -5*c + 4*b. What is the remainder when c is divided by 15?
13
Let n = -73 - -109. Suppose -k + 0 = -n. What is the remainder when k is divided by 19?
17
Suppose -43 - 12 = -5*r. What is the remainder when 21 is divided by r?
10
Suppose 2*f = -2*y + 5*y - 41, 2*y + 3*f - 49 = 0. Suppose 3 + 6 = w. What is the remainder when y is divided by w?
8
Let b(l) = l**3 + 3*l**2 - l. Let n be b(-3). Let s(q) = q + 2. Let y be s(-4). Calculate the remainder when 55 is divided by 28/(y*(2 - n)).
13
Suppose 352 = 9*q - q. What is the remainder when 127 is divided by q?
39
Let u(n) = n**3 + n**2 + n + 9. Calculate the remainder when 2 + -7 + 5 + 17 is divided by u(0).
8
Let r = -52 + 74. What is the remainder when 39 is divided by r?
17
Let m be 3/(72/20 + -3). What is the remainder when (-46)/3*(2 - m) is divided by 1/(2 - (-46)/(-24))?
10
Suppose -5*b + 3*x = -82, 3*x = x - 8. What is the remainder when 53 is divided by b?
11
Suppose -15 + 1 = 2*p. Suppose -b + 0 = -2*j + 2, j + 1 = b. Calculate the remainder when 1 - p/(7/6) is divided by j.
1
Let w = 242 + -138. Calculate the remainder when w is divided by 21.
20
Suppose 2*r + 6*z - 5*z - 38 = 0, 71 = 3*r - 2*z. Calculate the remainder when r is divided by 13.
8
Let o be ((-2)/4)/((-1)/12). Suppose -g + 1 - 7 = -4*j, 2*g - o = -j. Suppose -g*i + 24 = 8. What is the remainder when 14 is divided by i?
6
Suppose -3*p - 11 + 47 = 0. Let n(o) be the first derivative of 2*o**3/3 - 3*o**2/2 - 5*o - 2. What is the remainder when n(-3) is divided by p?
10
Suppose -5*t + 3*t - 